 digit of c?
0
Suppose -4*c + 12 = -2*g - 2*g, 2*g = c - 8. Let s be 0 + 0 + 2 - c. Suppose 68 = s*a - 8. What is the tens digit of a?
1
Let u(a) = a**2 + a + 4. Let p be u(0). Suppose 36 - p = 4*h. Suppose -5*r = -3*r - h. What is the units digit of r?
4
Let u be (6/(-9))/((-2)/6). Let f be u/9 - 145/45. Let v(k) = 2*k**2 - 4. What is the tens digit of v(f)?
1
Suppose -1116 = -2*s + 3*y, -2*s - 3*s - 4*y = -2836. What is the units digit of s?
4
What is the hundreds digit of (-14)/(252/(-28278)) + 6/1?
5
Let w(y) = -y**3 - 3*y**2 + 4*y + 5. Let r(s) = s**3 + 3*s**2 - 4*s - 5. Let g(x) = 4*r(x) + 3*w(x). What is the units digit of g(-3)?
7
Let w(s) = s**2 + 5*s - 49. What is the units digit of w(-13)?
5
Let l = 1263 + 285. What is the units digit of l?
8
Suppose -10*l + 5*l = 195. What is the units digit of (-4)/(-26) - 1788/l?
6
Suppose 2 = 2*n, -4*z + 9*z - 3*n = -43. Let k be 1*6*(-92)/z. Suppose 2*v = -1 - 9, -2*d = -5*v - k. What is the units digit of d?
2
Let h(m) = -2*m - 19. Let g be h(-9). Let j be (-415)/15 + g/3. What is the units digit of j/6*(-30)/35?
4
Let y = 138 - 133. Suppose 3*x = -2*c + 578, y*x + 289 = c - 0*x. What is the hundreds digit of c?
2
Suppose 18*q - 16*q = 5*p - 19010, 5*q = -3*p + 11375. What is the tens digit of p?
0
Suppose 0*r + 26 = 2*r. Let u(h) = 2 + 10*h**2 + h**3 + 2 + r*h + 5. What is the units digit of u(-8)?
3
Suppose 4*r + 3*j - 1525 = 0, -r - 4*j + 365 = -0*j. What is the units digit of r?
5
What is the tens digit of (-77672)/(-17) - 75/(-1275)?
6
Suppose -827 = 25*l - 26*l. What is the hundreds digit of l?
8
Let c be ((-13)/(273/14))/((-1)/447). Suppose 174 = 3*l - 3*t, 5*l - 3*t = -6*t + c. What is the units digit of l?
9
What is the tens digit of 565 + (120/(-12) - -16)?
7
Let f = -1114 - -1653. What is the units digit of f?
9
Suppose 0 = 10*t - 4358 + 228. What is the tens digit of t?
1
What is the tens digit of 2/(-6) + (-3710)/(-6)?
1
Let w = -15 - -56. Let c = 1 + w. Suppose 4*t - 38 = 3*a, -c = -6*t + t + a. What is the units digit of t?
8
Let s = -2 - 9. Let c = s - -17. Suppose -67 = c*u - 265. What is the units digit of u?
3
Let o be 1/4 - (-191)/4. What is the units digit of (o/(-36))/((-2)/90)?
0
Suppose -4*i = -4*n + 4 + 4, -14 = 5*i - 4*n. Let v(d) = d**2 + d + 4. Let k be v(-5). Let q = k + i. What is the units digit of q?
8
Let t = 19 + -30. Let d = -8 - t. What is the units digit of d?
3
Suppose -22 = -y - 5*f, f = 2*f - 3. Let m(z) = 3*z - 14. What is the units digit of m(y)?
7
Suppose 24*m - 8694 = 2274. What is the hundreds digit of m?
4
What is the units digit of 4/(4/666*2)?
3
What is the units digit of 7 + (-41 - 9)*-67?
7
What is the units digit of 17443/7 - 5*(-6)/210?
2
Suppose 91*p = 105*p - 14294. What is the units digit of p?
1
Suppose -292 = 13*k - 15*k. What is the hundreds digit of k?
1
Let i(k) = k**2 - 15. Let w be i(-8). Let b = 86 - w. What is the units digit of b?
7
Let c = 46 + -45. Let o(p) = 216*p**2 - 2*p + 1. What is the tens digit of o(c)?
1
Suppose 5*m - 74 = -2*r - r, -4*r = -2*m - 64. What is the tens digit of (-3)/(-18) - (-1113)/r?
6
Let j(o) = -o**2 - 3*o + 3. Let x be j(-2). Suppose 2*v = x*a + 288 + 67, -2*v - 4*a = -328. What is the units digit of v?
0
Let v(r) = 272*r - 76. What is the thousands digit of v(4)?
1
Let n = -13 + 1013. Suppose -10*t + 2*t = -n. What is the hundreds digit of t?
1
Let h(u) = 12 + 5*u - 4*u + 15*u**2 + 1 - 4*u**2 + u**3. Let r be h(-11). Suppose -6 + 78 = r*f. What is the tens digit of f?
3
Let g = -1226 - -4567. What is the units digit of g?
1
Suppose 0 = -3*i - 2*m - 69, 6 = 4*m - 6. Let x = i - -29. Suppose x*r + 2 = 118. What is the units digit of r?
9
What is the units digit of (1/((-2)/1682))/(2 + -3)?
1
Let f(x) = -119*x + 898. What is the tens digit of f(-36)?
8
Let z = -150 - -251. Suppose -493 = -8*s - z. What is the units digit of s?
9
Suppose u + 2*i + 3*i = -12, -5*u = -4*i - 27. Suppose 3 = -z - u*c + 69, 0 = -2*z + 5*c + 154. What is the tens digit of z?
7
Let p(m) = -m**3 - 7*m**2 + 6*m - 16. Let b be p(-8). Suppose u - 93 = 2*g, b*u + g = 3*u - 269. Suppose -4*y + u = -107. What is the tens digit of y?
4
Suppose -2 = -l - 1. Let u(x) = 2*x + 4. Let z be u(4). Suppose -g - h = -z, -h = -g + 21 - l. What is the units digit of g?
6
Let j(t) = 71*t**2 + 4*t + 2. Let v(k) = k**2 - k. Let m(p) = j(p) + 2*v(p). What is the units digit of m(-1)?
3
Suppose 3*t = 5*g + 38, 1 = t + 5*g + 15. Suppose t*w + 72 = 9*w. What is the tens digit of w?
2
Let o be 126 + (2/9)/(1/9). Let u = o + -71. What is the units digit of u?
7
Let d(f) = f - 15. Let r be d(15). Let n be -3 - 2/(-2 - r). What is the units digit of (n + (-14)/(-8))*-28?
7
Suppose 0 = -3*c - u + 8, -2*c + 4*u = -11 + 1. Let j(z) = -2*z**3 - c*z**3 + 6*z**3 - 12*z**2 + 11*z + 1 - 2*z**3. What is the tens digit of j(-13)?
2
Let n(k) = k + 5*k - 2*k + 4 - 2*k. Let h be (1 + 0)/((-10)/(-70)). What is the tens digit of n(h)?
1
Let d be (1/2)/(2/12). Suppose d*b - 160 = 359. What is the tens digit of b?
7
Suppose 0*y - 4*q = -5*y + 405, -303 = -4*y - q. Let o = y - -29. What is the tens digit of o?
0
Suppose 0 = 25*m - 30*m + 250. What is the units digit of m/6 - (-1 - (-8)/6)?
8
Let n(g) = -g**2 - g. Let l = -27 + 24. Let j(o) = 4*o**2 - 13*o + 17. Let i(c) = l*n(c) - j(c). What is the units digit of i(12)?
1
Suppose -3*a + a = -2*m, 4*m = -3*a - 14. Let g be (a - -3)/(3/9). Suppose -5*u + g*u = -114. What is the units digit of u?
7
Let x(i) = -i**3 + 4*i**2 + 21*i - 6. Let o(y) = 2*y**3 - 8*y**2 - 43*y + 11. Let q(j) = -3*o(j) - 7*x(j). What is the tens digit of q(7)?
3
Suppose -36416 + 106871 = 11*o. What is the tens digit of o?
0
Let m be (8/12)/(2/(-24)). Let j = 13 + m. Suppose 23 = 4*i + u - 13, 0 = -j*i - 3*u + 45. What is the units digit of i?
9
Suppose -3*z + 143 = 4*k - 663, -2*k + 5*z = -390. Suppose 2*m + t - 1 = m, -5*m - 2*t = -20. Suppose -2 + k = m*u. What is the tens digit of u?
3
Suppose 0 = 52*y - 56*y + 5*b + 15299, -2*b - 19145 = -5*y. What is the thousands digit of y?
3
Let x be 6265/45 + (-2)/9. Suppose -3*p + x = -191. What is the units digit of p?
0
Suppose 2*w - 2638 = -752. What is the units digit of w?
3
Suppose 0 = 6*q - 5 - 13. Suppose -4*d + 260 = 2*u, q*d - 3*u = u + 173. What is the units digit of d?
3
Suppose -36*g + 30*g + 4224 = 0. What is the tens digit of g?
0
Let h be 430/(-55) - (-4)/(-22). Let l be 9 + h/2 + 4. What is the tens digit of (-130)/15*l/(-6)?
1
What is the thousands digit of (-5 + 45/10)*-12 - -2998?
3
Let c(i) = 2*i**3 - i**2 - i - 1. Let r be c(-1). What is the hundreds digit of (r/15 - 1)/(1/(-105))?
1
Suppose -6*k - 906 = -2976. Suppose -5*d + k = 2*b - 0*d, -5*b + 2*d = -877. What is the tens digit of b?
7
Let v = -3 - -8. Suppose -23 + 3 = -v*r. Suppose 5*i - 13 = d + 6, -r*i + 17 = d. What is the units digit of d?
1
Suppose s + 90 = -140. Let o = s + 322. Suppose 5*z = -2*n + 252, 2*n + n - o = -2*z. What is the units digit of z?
2
Suppose 5*f - g - 3889 - 1254 = 0, 0 = f + 3*g - 1035. What is the thousands digit of f?
1
Let k(o) = -o**2 - 11*o + 5. Let i = -50 + 86. Suppose -6*r = -0 + i. What is the tens digit of k(r)?
3
Let p = 1082 - 117. What is the units digit of p?
5
Let h(m) = -m**3 + 36*m**2 + 30*m + 90. What is the units digit of h(36)?
0
Let i(o) = 2*o**2 - 6*o - 9. Let l be i(-12). Let j = -242 + l. What is the units digit of j?
9
Suppose -6*o + 555 = -o. What is the tens digit of o?
1
Let b(k) = -k**2 + 15*k - 22. Let l be b(15). Let c = l + 41. What is the units digit of c + -1 + (0 - 4)?
4
What is the tens digit of 1266/4*(4/(-3) + 12)?
7
Let m(t) = -10*t**3 + t**2 + 2*t - 2. Suppose 7*y - 2*y = 10. Let d be m(y). Let o = d - -107. What is the tens digit of o?
3
Let u = 2365 - 541. What is the units digit of u?
4
Let h be ((-36)/16)/((-4)/(-16)). What is the tens digit of -2*h/(-6) - -50?
4
Suppose -237 = 8*z - 11*z. What is the units digit of z?
9
Let a(p) = -p**3. Let l(d) = 7*d**3 - 13*d**2 + 15*d + 4. Let k(i) = -6*a(i) - l(i). What is the tens digit of k(7)?
8
Suppose 5*k - 44 = j, 3 + 22 = 3*k - 2*j. Suppose z = 5*p + 6*z - 15, p = -5*z - k. What is the units digit of 23 + p + 3*-1?
6
Let w(g) = -2*g - 19. Let o be w(-9). What is the tens digit of (0 - -4) + o - -1 - -62?
6
Sup